is divided by o.
9
Calculate the remainder when (-1006)/(-10) + (-22)/(-55) is divided by 13.
10
Suppose 0 = 3*t - 2*x - 292, 4*t + 3*x = 204 + 208. Calculate the remainder when t is divided by 36.
28
Suppose -g + 46 = g. Let k(f) = 10 - g*f - 10. Calculate the remainder when k(-2) is divided by 16.
14
Suppose 2*r - 3*x = 27, -r = -3*r + 5*x + 37. Calculate the remainder when r is divided by 3.
0
Suppose -42 = n - 143. Let d = n + -47. What is the remainder when d is divided by 14?
12
Suppose 0 = 6*l - 2*l - 144. Calculate the remainder when l is divided by 131/7 + (-6)/(-21).
17
Let k(v) be the third derivative of v**5/5 + v**3/6 - 5*v**2. What is the remainder when k(1) is divided by (-1 - (1 - 2)) + 7?
6
Let u = -88 - -98. What is the remainder when u is divided by 6?
4
Let b(o) = o - 4. Let x be b(5). Let h(m) = -3 + 3 - x - 10*m. Calculate the remainder when h(-1) is divided by 5.
4
Suppose 2*a = -0*a + 3*z + 32, 4*z = 3*a - 49. Calculate the remainder when 73 is divided by a.
16
Let m = -24 + 20. Let y = m + 21. Calculate the remainder when 66 is divided by y.
15
Let u(m) = 10*m - 9. Let p(j) = j**2 + 2*j - 2. Let z be p(-3). Suppose 0 = -2*i - z + 17. What is the remainder when u(4) is divided by i?
7
Let y = -5 + 16. Suppose -7*a + 92 = -3*a. Suppose -o - 4*o - m = -a, 0 = -2*o - m + 11. Calculate the remainder when y is divided by o.
3
Let r = 34 + -11. Suppose 3*t + 2*z - 21 = 0, -2*t - 5*z + 2*z = -9. Calculate the remainder when r is divided by t.
5
Let k(v) = v**2 - 2*v + 1. Suppose 0 = -5*o + 3*h - 0*h - 920, 0 = 5*o + 2*h + 920. Calculate the remainder when (o/12)/((-1)/3) is divided by k(5).
14
Let t = -57 - -86. Suppose 2*d + 5*l = 3*d + 9, 44 = 4*d - 4*l. What is the remainder when t is divided by d?
13
Suppose 17 = 2*t - t. Let a(q) = q**2 - 12*q + 41. Calculate the remainder when t is divided by a(6).
2
Suppose -5*q + 18 = 4*r - 70, 2*q = -4*r + 40. Let w(h) = -10*h - 2. Let j be w(-3). Let k = j - q. Calculate the remainder when 21 is divided by k.
9
Suppose q - 21 = -2*g, 5*q = -5*g + 21 + 59. What is the remainder when 54 is divided by q?
10
Suppose 2*v - 6 = -v. Let k = -9 - -22. Calculate the remainder when k is divided by (4/v)/(1/2).
1
Let d(y) = y**3 + 6*y**2 + 5*y + 6. Let x be d(-5). Suppose 2*m = 4*k + 51 - 9, -x = -m - 3*k. What is the remainder when m is divided by 4?
3
Let l = 16 - 9. Let n(u) = u**3 - 8*u**2 + 8*u - 7. Let w be n(l). Suppose w = 6*o - 3*o - 18. Calculate the remainder when 15 is divided by o.
3
Suppose -s + 10 = -f, -5*s = -3*s + f - 5. Suppose -n + 3*p = -0*n + s, -p = -2. Let j = n - 0. What is the remainder when 2 is divided by j?
0
Let f(s) = 2*s - 14. What is the remainder when 13 is divided by f(9)?
1
Suppose v = g - 0*g - 19, 5*g - v = 107. Calculate the remainder when g is divided by 3.
1
Suppose -h + 0*h + 3 = 0. Suppose 3*p - 26 = 5*v - h*v, 24 = 2*p - 3*v. What is the remainder when 23 is divided by p?
5
Suppose -2*t = -0*n - 4*n - 38, 3*n + 23 = t. Suppose 4*b - 35 = -2*s + 13, s = 5*b - t. What is the remainder when s is divided by 3?
2
Let n(a) = a**2 - a + 5. Let l be 2*(-2)/((-8)/10). Suppose -l*z + 4*x - 12 = -7*z, -4*x = -3*z + 8. Calculate the remainder when n(z) is divided by 9.
8
Let n be (4/(-6))/((-4)/30). Suppose -68 = -n*c + 57. Calculate the remainder when c is divided by 13.
12
Let l = 54 + -24. Let n(r) = 2*r**2 - 4*r + 2. What is the remainder when l is divided by n(3)?
6
Suppose -2*c - 7 = -5*i, -4*c = 3*i - 4*i - 13. Suppose 3 = 3*w - 3. Suppose -50 = -w*t - 3*t. What is the remainder when t is divided by c?
2
Let y(b) = b - 2. Let i be y(4). Suppose 0 = -4*v, -3*v = i*z + v - 30. What is the remainder when 28 is divided by z?
13
Suppose -3*k = 2*k - 115. Let p = -10 + 18. Calculate the remainder when k is divided by p.
7
Let k be 2/(-2)*-4 + -2. Suppose 4*t + 5*q - 12 = 0, 6*q = -k*t + q + 6. Calculate the remainder when 11 is divided by t.
2
Let u = 3 + -3. Suppose u = -2*o + o + 1. What is the remainder when 25 is divided by (-1)/(3/(-39)*o)?
12
Suppose 20*x + 84 = 21*x. Calculate the remainder when x is divided by 17.
16
Let g(h) = -92*h - 3. Let i be g(-1). Suppose 21 - i = -2*w. What is the remainder when w is divided by 12?
10
Suppose 0 = -c - 2*c + 270. Calculate the remainder when c is divided by 23.
21
Let b = -59 - -104. Suppose -2*q + b = 15. Calculate the remainder when 27 is divided by q.
12
Let p(q) = 3*q - 8. Suppose 40 = 5*l + 5*a, 3*l - 2*a + a - 8 = 0. Let x = l + 3. What is the remainder when 37 is divided by p(x)?
11
Suppose -5*s + 2*p = -358, s = -4*s - 2*p + 342. Let d = -38 + s. Suppose 32 = 4*g - 12. Calculate the remainder when d is divided by g.
10
Suppose 0 = -7*n + 331 - 107. What is the remainder when 93 is divided by n?
29
Suppose 0 = -2*c - 2*c + 80. Let b(s) = 59*s**2. What is the remainder when b(1) is divided by c?
19
Let k(s) = s**3 - 2*s**2 - s + 1. Calculate the remainder when (-2)/10 + 264/20 is divided by k(3).
6
Suppose -80 = -h - 5*y, -5*h + 2*h = -2*y - 206. Calculate the remainder when h is divided by 18.
16
Suppose 4*t - 3*r - 4 = 3, 2*t = 2*r + 2. Let m = t + -2. Calculate the remainder when 4 is divided by m.
0
Let t(u) = u**3 + 11*u**2 - 17*u - 11. Let j be t(-12). Let d(x) = 9*x + 7. Let b be d(7). Let m = b - j. What is the remainder when m is divided by 11?
10
Suppose -3*w + 0*w + 3 = 0. Suppose -y - 221 = -h, 0*h = h + w. Calculate the remainder when 22 is divided by (-2)/9 - y/27.
6
Let t(a) = 4*a**3 + 4*a**2 - 2 - a**2 - 5*a**3 + 2*a. What is the remainder when 26 is divided by t(-2)?
12
Let s = 1 - -1. Let d(w) = 4*w**3 - w**2. Let i be d(s). Let f = 39 - i. Calculate the remainder when 43 is divided by f.
10
Suppose -3*k = 3 - 9. Suppose v - 4 = -k. What is the remainder when 37 is divided by (v/(-3))/(4/(-78))?
11
Let j(k) = k + 43. Calculate the remainder when 60 is divided by j(-22).
18
Let v(w) = -2*w + 8. Let g be v(6). Let q = g - -11. Suppose 4*j + 7 = 79. What is the remainder when j is divided by q?
4
Let q(w) = w**3 + 5*w**2 - 10*w - 8. Let s(t) = 33*t + 14. Calculate the remainder when s(1) is divided by q(-6).
15
Let h = 35 - 18. What is the remainder when h is divided by 6?
5
Suppose -8*b = 4*b - 708. Suppose -3*h + 76 = 2*f - 6*f, 5*h = -2*f + 92. What is the remainder when b is divided by h?
19
Suppose 5*m + 2*v = 70, -2*m + v + 29 = 2*v. Let b = 36 + -8. Suppose -4*d = h - b, 5*h = 4*d - 20 - 8. What is the remainder when m is divided by d?
5
Suppose -4*a = -325 - 23. What is the remainder when a is divided by 11?
10
Suppose 0 = -n - 0*n + 5. Let z be (16/5)/(3/15). Let i = -8 + z. What is the remainder when i is divided by n?
3
Let f = 1 - -20. What is the remainder when f is divided by 13?
8
Suppose 0*m + 15 = 5*m. Suppose m*i = 2*i - 1. Let d = 3 + i. What is the remainder when 2 is divided by d?
0
Let h(j) = -3*j - 5. Suppose -23 + 7 = 4*n. Suppose 5*z = -u + 13, -4*u + 0 = -2*z - 8. What is the remainder when h(n) is divided by u?
1
Let t = -404 + 589. Suppose z + 4*c - 116 = -3*z, -5*c = -5*z + t. What is the remainder when z is divided by 9?
6
Let y(a) = -3*a - 5. Let p be 126/(-9)*2/4. What is the remainder when 61 is divided by y(p)?
13
Let c = -7 + 22. What is the remainder when 89 is divided by c?
14
Suppose -3*s - 4*n + 25 = -27, 2*s - 4*n = 8. Suppose -11*c + s*c = 4. What is the remainder when 14 is divided by c?
2
Let m be 2/3 + 30/(-18). Let n(i) = -25*i - 1. What is the remainder when 47 is divided by n(m)?
23
Suppose -4*l + 287 - 15 = 0. Suppose -4*j = -l - 72. What is the remainder when j is divided by 19?
16
Let x(b) = 3*b**2 - 1. Let n be x(1). Let g(i) = 4*i - 1. Calculate the remainder when 19 is divided by g(n).
5
Let p = 1 + 3. Let s be p/14 - (-10)/14. Calculate the remainder when 2 is divided by ((-8)/(-20))/(s/5).
0
What is the remainder when 19 is divided by 5/2*(-308)/(-70)?
8
Suppose -i - 15 = -3*d, 4*d + 3*i - 20 = 6*i. Let f(s) = s + 7. Calculate the remainder when d is divided by f(-5).
1
Let b be (-145)/15 + (-2)/6. Calculate the remainder when (-626)/b - (-10)/25 is divided by 22.
19
Suppose 4*b - 5 = -0*s + 5*s, -4*s = 4. Suppose b = -4*z - 0*z + 12. What is the remainder when 14 is divided by 2 + 3 + 3 - z?
4
Suppose v - 82 = -5*f + 106, 2*f = v + 7